{"id":496,"date":"2022-06-28T12:09:50","date_gmt":"2022-06-28T19:09:50","guid":{"rendered":"https:\/\/lyndenschools.wp.eresources.ws\/lynden-high-school\/?page_id=496"},"modified":"2022-11-17T10:34:01","modified_gmt":"2022-11-17T18:34:01","slug":"families","status":"publish","type":"page","link":"https:\/\/lyndenschools.wp.eresources.ws\/lynden-high-school\/families\/","title":{"rendered":"Families"},"content":{"rendered":"\n<p><strong>WELCOME!<\/strong><br>We are excited to partner with you in your student&#8217;s journey towards graduation and their future success.\u00a0 We are here to help &#8211; If you ever have questions or concerns, please contact our main office at (360) 354-4401.\u00a0<br><br><strong>Do you have questions a class, assignment or missing work concern?<\/strong><br>Please contact your student&#8217;s teacher:\u00a0<a href=\"https:\/\/hs.lynden.wednet.edu\/cms\/one.aspx?pageId=4677\">Staff Directory<\/a><br><br><strong>Do you have an attendance concern?<\/strong>\u00a0\u00a0<\/p>\n\n\n<script type=\"text\/javascript\">var gform;gform||(document.addEventListener(\"gform_main_scripts_loaded\",function(){gform.scriptsLoaded=!0}),window.addEventListener(\"DOMContentLoaded\",function(){gform.domLoaded=!0}),gform={domLoaded:!1,scriptsLoaded:!1,initializeOnLoaded:function(o){gform.domLoaded&&gform.scriptsLoaded?o():!gform.domLoaded&&gform.scriptsLoaded?window.addEventListener(\"DOMContentLoaded\",o):document.addEventListener(\"gform_main_scripts_loaded\",o)},hooks:{action:{},filter:{}},addAction:function(o,n,r,t){gform.addHook(\"action\",o,n,r,t)},addFilter:function(o,n,r,t){gform.addHook(\"filter\",o,n,r,t)},doAction:function(o){gform.doHook(\"action\",o,arguments)},applyFilters:function(o){return gform.doHook(\"filter\",o,arguments)},removeAction:function(o,n){gform.removeHook(\"action\",o,n)},removeFilter:function(o,n,r){gform.removeHook(\"filter\",o,n,r)},addHook:function(o,n,r,t,i){null==gform.hooks[o][n]&&(gform.hooks[o][n]=[]);var e=gform.hooks[o][n];null==i&&(i=n+\"_\"+e.length),gform.hooks[o][n].push({tag:i,callable:r,priority:t=null==t?10:t})},doHook:function(n,o,r){var t;if(r=Array.prototype.slice.call(r,1),null!=gform.hooks[n][o]&&((o=gform.hooks[n][o]).sort(function(o,n){return o.priority-n.priority}),o.forEach(function(o){\"function\"!=typeof(t=o.callable)&&(t=window[t]),\"action\"==n?t.apply(null,r):r[0]=t.apply(null,r)})),\"filter\"==n)return r[0]},removeHook:function(o,n,t,i){var r;null!=gform.hooks[o][n]&&(r=(r=gform.hooks[o][n]).filter(function(o,n,r){return!!(null!=i&&i!=o.tag||null!=t&&t!=o.priority)}),gform.hooks[o][n]=r)}});<\/script>\n                <div class='gf_browser_gecko gform_wrapper gravity-theme' id='gform_wrapper_1' style='display:none'>\n                        <div class='gform_heading'>\n                            <h2 class=\"gform_title\">Attendance<\/h2>\n                            <span class='gform_description'>Absence request<\/span>\n                        <\/div><form method='post' enctype='multipart\/form-data'  id='gform_1'  action='\/lynden-high-school\/wp-json\/wp\/v2\/pages\/496' >\n                        <div class='gform_body gform-body'><div id='gform_fields_1' class='gform_fields top_label form_sublabel_below description_below'><div id=\"field_1_1\"  class=\"gfield gfield_contains_required field_sublabel_below field_description_below gfield_visibility_visible\"  data-js-reload=\"field_1_1\"><label class='gfield_label' for='input_1_1' >Student Name<span class=\"gfield_required\"><span class=\"gfield_required gfield_required_text\">(Required)<\/span><\/span><\/label><div class='ginput_container ginput_container_text'><input name='input_1' id='input_1_1' type='text' value='' class='large'  aria-describedby=\"gfield_description_1_1\"   aria-required=\"true\" aria-invalid=\"false\"   \/> <\/div><div class='gfield_description' id='gfield_description_1_1'>Please input your student&#8217;s name.<\/div><\/div><div id=\"field_1_5\"  class=\"gfield gfield--width-half gfield_contains_required field_sublabel_below field_description_below gfield_visibility_visible\"  data-js-reload=\"field_1_5\"><label class='gfield_label' for='input_1_5' >Absence Date<span class=\"gfield_required\"><span class=\"gfield_required gfield_required_text\">(Required)<\/span><\/span><\/label><div class='ginput_container ginput_container_text'><input name='input_5' id='input_1_5' type='text' value='' class='large'  aria-describedby=\"gfield_description_1_5\"   aria-required=\"true\" aria-invalid=\"false\"   \/> <\/div><div class='gfield_description' id='gfield_description_1_5'>Please input your student absence dates.<\/div><\/div><fieldset id=\"field_1_7\"  class=\"gfield gfield--width-half gfield_contains_required field_sublabel_below field_description_below gfield_visibility_visible\"  data-js-reload=\"field_1_7\"><legend class='gfield_label gfield_label_before_complex'  >Length of absence<span class=\"gfield_required\"><span class=\"gfield_required gfield_required_text\">(Required)<\/span><\/span><\/legend><div class='ginput_container ginput_container_checkbox'><div class='gfield_checkbox' id='input_1_7'><div class='gchoice gchoice_1_7_1'>\n\t\t\t\t\t\t\t\t<input class='gfield-choice-input' name='input_7.1' type='checkbox'  value='Full Day Absence'  id='choice_1_7_1'   \/>\n\t\t\t\t\t\t\t\t<label for='choice_1_7_1' id='label_1_7_1'>Full Day Absence<\/label>\n\t\t\t\t\t\t\t<\/div><div class='gchoice gchoice_1_7_2'>\n\t\t\t\t\t\t\t\t<input class='gfield-choice-input' name='input_7.2' type='checkbox'  value='Specific Times (please specify below)'  id='choice_1_7_2'   \/>\n\t\t\t\t\t\t\t\t<label for='choice_1_7_2' id='label_1_7_2'>Specific Times (please specify below)<\/label>\n\t\t\t\t\t\t\t<\/div><\/div><\/div><\/fieldset><div id=\"field_1_8\"  class=\"gfield gfield--width-full field_sublabel_below field_description_below gfield_visibility_visible\"  data-js-reload=\"field_1_8\"><label class='gfield_label' for='input_1_8' >Times of Absence (if Specific Times chosen above)<\/label><div class='ginput_container ginput_container_text'><input name='input_8' id='input_1_8' type='text' value='' class='large'  aria-describedby=\"gfield_description_1_8\"    aria-invalid=\"false\"   \/> <\/div><div class='gfield_description' id='gfield_description_1_8'>Please input the specific times of absence if student will only miss partial day.<\/div><\/div><div id=\"field_1_6\"  class=\"gfield gfield--width-full gfield_contains_required field_sublabel_below field_description_below gfield_visibility_visible\"  data-js-reload=\"field_1_6\"><label class='gfield_label' for='input_1_6' >Reason<span class=\"gfield_required\"><span class=\"gfield_required gfield_required_text\">(Required)<\/span><\/span><\/label><div class='ginput_container ginput_container_textarea'><textarea name='input_6' id='input_1_6' class='textarea large'  aria-describedby=\"gfield_description_1_6\"   aria-required=\"true\" aria-invalid=\"false\"   rows='10' cols='50'><\/textarea><\/div><div class='gfield_description' id='gfield_description_1_6'>Please indicate reason for absence. Provide details as appropriate.<\/div><\/div><div id=\"field_1_9\"  class=\"gfield gfield--width-full gfield_contains_required field_sublabel_below field_description_below gfield_visibility_visible\"  data-js-reload=\"field_1_9\"><label class='gfield_label' for='input_1_9' >Guardian Name<span class=\"gfield_required\"><span class=\"gfield_required gfield_required_text\">(Required)<\/span><\/span><\/label><div class='ginput_container ginput_container_text'><input name='input_9' id='input_1_9' type='text' value='' class='large'  aria-describedby=\"gfield_description_1_9\"   aria-required=\"true\" aria-invalid=\"false\"   \/> <\/div><div class='gfield_description' id='gfield_description_1_9'>Please input guardian name making the absence request.<\/div><\/div><div id=\"field_1_10\"  class=\"gfield gfield--width-half gfield_contains_required field_sublabel_below field_description_below gfield_visibility_visible\"  data-js-reload=\"field_1_10\"><label class='gfield_label' for='input_1_10' >Guardian Phone Number<span class=\"gfield_required\"><span class=\"gfield_required gfield_required_text\">(Required)<\/span><\/span><\/label><div class='ginput_container ginput_container_text'><input name='input_10' id='input_1_10' type='text' value='' class='large'  aria-describedby=\"gfield_description_1_10\"   aria-required=\"true\" aria-invalid=\"false\"   \/> <\/div><div class='gfield_description' id='gfield_description_1_10'>Please input your best contact phone number. <\/div><\/div><div id=\"field_1_11\"  class=\"gfield gfield--width-half field_sublabel_below field_description_below gfield_visibility_visible\"  data-js-reload=\"field_1_11\"><label class='gfield_label' for='input_1_11' >Guardian e-mail Address<\/label><div class='ginput_container ginput_container_text'><input name='input_11' id='input_1_11' type='text' value='' class='large'      aria-invalid=\"false\"   \/> <\/div><\/div><\/div><\/div>\n        <div class='gform_footer top_label'> <input type='submit' id='gform_submit_button_1' class='gform_button button' value='Submit'  onclick='if(window[\"gf_submitting_1\"]){return false;}  window[\"gf_submitting_1\"]=true;  ' onkeypress='if( event.keyCode == 13 ){ if(window[\"gf_submitting_1\"]){return false;} window[\"gf_submitting_1\"]=true;  jQuery(\"#gform_1\").trigger(\"submit\",[true]); }' \/> \n            <input type='hidden' class='gform_hidden' name='is_submit_1' value='1' \/>\n            <input type='hidden' class='gform_hidden' name='gform_submit' value='1' \/>\n            \n            <input type='hidden' class='gform_hidden' name='gform_unique_id' value='' \/>\n            <input type='hidden' class='gform_hidden' name='state_1' value='WyJbXSIsImMxMmJjYTExOWUxZDNhOTdhM2MxNzkwYTI3MjIxNzQ2Il0=' \/>\n            <input type='hidden' class='gform_hidden' name='gform_target_page_number_1' id='gform_target_page_number_1' value='0' \/>\n            <input type='hidden' class='gform_hidden' name='gform_source_page_number_1' id='gform_source_page_number_1' value='1' \/>\n            <input type='hidden' name='gform_field_values' value='' \/>\n            \n        <\/div>\n                        <\/form>\n                        <\/div>\n\n\n<p>Please call Mrs. Kimber (360) 354-4401 Option 1 or email her at\u00a0<a rel=\"noreferrer noopener\" href=\"mailto:LHS-Attendance@lynden.wednet.edu\" target=\"_blank\">LHS-Attendance@lynden.wednet.edu<\/a><br><br><strong>Do you have a counseling concern (schedule, peer conflict, social-emotional support, etc.)?<\/strong>\u00a0\u00a0<br>Please contact Mrs. Wilde (360) 354-0259 or email your counselor directly:<\/p>\n\n\n\n<ul class=\"wp-block-list\"><li>Last name A-G: Chris Elsner&nbsp;<a href=\"mailto:ElsnerC@lynden.wednet.edu\" target=\"_blank\" rel=\"noreferrer noopener\">ElsnerC@lynden.wednet.edu<\/a><\/li><li>Last name H-O: Erin Shaffer&nbsp;<a href=\"mailto:ShafferE@lynden.wednet.edu\" target=\"_blank\" rel=\"noreferrer noopener\">ShafferE@lynden.wednet.edu<\/a><\/li><li>Last name P-Z: Christina Lynch&nbsp;<a href=\"mailto:LynchC@lynden.wednet.edu\" target=\"_blank\" rel=\"noreferrer noopener\">LynchC@lynden.wednet.edu<\/a><\/li><\/ul>\n\n\n\n<p><strong>Do you have a safety concern or need to report harassment, intimidation or bullying?&nbsp;<\/strong>&nbsp;<br>Please go to&nbsp;<a href=\"https:\/\/lynden-wa.safeschoolsalert.com\/\" target=\"_blank\" rel=\"noreferrer noopener\">SafeSchools Report&nbsp;<\/a>and choose to report using &#8220;Web&#8221;.&nbsp;<\/p>\n\n\n\n<p><strong>\u00a1BIENVENIDOS!<\/strong><br>Estamos emocionados de asociarnos con usted en el viaje de su estudiante hacia la graduaci\u00f3n y su \u00e9xito futuro. Estamos aqu\u00ed para ayudar: si alguna vez tiene preguntas o inquietudes, comun\u00edquese con los servicios comunitarios para familias al (360) 354-1549.<\/p>\n","protected":false},"excerpt":{"rendered":"<p>WELCOME!We are excited to partner with you in your student&#8217;s journey towards graduation and their future success.\u00a0 We are here to help &#8211; If you ever have questions or concerns,&nbsp;&hellip;&nbsp;<a href=\"https:\/\/lyndenschools.wp.eresources.ws\/lynden-high-school\/families\/\">Read&nbsp;More&nbsp;&raquo;<\/a><\/p>\n","protected":false},"author":1,"featured_media":0,"parent":0,"menu_order":0,"comment_status":"closed","ping_status":"closed","template":"","meta":{"footnotes":""},"class_list":["post-496","page","type-page","status-publish","hentry"],"distributor_meta":false,"distributor_terms":false,"distributor_media":false,"distributor_original_site_name":"Lynden High School","distributor_original_site_url":"https:\/\/lyndenschools.wp.eresources.ws\/lynden-high-school","push-errors":false,"_links":{"self":[{"href":"https:\/\/lyndenschools.wp.eresources.ws\/lynden-high-school\/wp-json\/wp\/v2\/pages\/496","targetHints":{"allow":["GET"]}}],"collection":[{"href":"https:\/\/lyndenschools.wp.eresources.ws\/lynden-high-school\/wp-json\/wp\/v2\/pages"}],"about":[{"href":"https:\/\/lyndenschools.wp.eresources.ws\/lynden-high-school\/wp-json\/wp\/v2\/types\/page"}],"author":[{"embeddable":true,"href":"https:\/\/lyndenschools.wp.eresources.ws\/lynden-high-school\/wp-json\/wp\/v2\/users\/1"}],"replies":[{"embeddable":true,"href":"https:\/\/lyndenschools.wp.eresources.ws\/lynden-high-school\/wp-json\/wp\/v2\/comments?post=496"}],"version-history":[{"count":2,"href":"https:\/\/lyndenschools.wp.eresources.ws\/lynden-high-school\/wp-json\/wp\/v2\/pages\/496\/revisions"}],"predecessor-version":[{"id":1045,"href":"https:\/\/lyndenschools.wp.eresources.ws\/lynden-high-school\/wp-json\/wp\/v2\/pages\/496\/revisions\/1045"}],"wp:attachment":[{"href":"https:\/\/lyndenschools.wp.eresources.ws\/lynden-high-school\/wp-json\/wp\/v2\/media?parent=496"}],"curies":[{"name":"wp","href":"https:\/\/api.w.org\/{rel}","templated":true}]}}